{"id":310,"date":"2014-03-06T20:31:53","date_gmt":"2014-03-06T20:31:53","guid":{"rendered":"http:\/\/www.artmon-ogrody.pl\/blog\/?page_id=310"},"modified":"2021-11-28T17:54:06","modified_gmt":"2021-11-28T17:54:06","slug":"wertykulacja","status":"publish","type":"page","link":"https:\/\/www.artmon-ogrody.pl\/blog\/wertykulacja\/","title":{"rendered":"Wertykulacja trawnika"},"content":{"rendered":"\n<figure class=\"wp-block-embed is-type-video is-provider-youtube wp-block-embed-youtube wp-embed-aspect-16-9 wp-has-aspect-ratio\"><div class=\"wp-block-embed__wrapper\">\n<iframe loading=\"lazy\"  id=\"_ytid_12235\"  width=\"525\" height=\"295\"  data-origwidth=\"525\" data-origheight=\"295\" src=\"https:\/\/www.youtube.com\/embed\/u_qGGW31xng?enablejsapi=1&#038;autoplay=0&#038;cc_load_policy=0&#038;cc_lang_pref=&#038;iv_load_policy=1&#038;loop=0&#038;modestbranding=0&#038;rel=1&#038;fs=1&#038;playsinline=0&#038;autohide=2&#038;theme=dark&#038;color=red&#038;controls=1&#038;\" class=\"__youtube_prefs__  epyt-is-override  no-lazyload\" title=\"YouTube player\"  allow=\"fullscreen; accelerometer; autoplay; clipboard-write; encrypted-media; gyroscope; picture-in-picture\" allowfullscreen data-no-lazy=\"1\" data-skipgform_ajax_framebjll=\"\"><\/iframe>\n<\/div><\/figure>\n\n\n<figure id=\"attachment_201\" aria-describedby=\"caption-attachment-201\" style=\"width: 188px\" class=\"wp-caption alignleft\"><a href=\"http:\/\/www.artmon-ogrody.pl\/blog\/wp-content\/uploads\/2014\/01\/pielegnacjatrawnika3-2-21.jpg\"><img loading=\"lazy\" decoding=\"async\" class=\"wp-image-201 size-full\" style=\"margin: 5px; border: 1px solid black;\" title=\"wertykulacja trawnika\" src=\"http:\/\/www.artmon-ogrody.pl\/blog\/wp-content\/uploads\/2014\/01\/pielegnacjatrawnika3-2-21.jpg\" alt=\"wertykulacja trawnika\" width=\"188\" height=\"150\" srcset=\"https:\/\/www.artmon-ogrody.pl\/blog\/wp-content\/uploads\/2014\/01\/pielegnacjatrawnika3-2-21.jpg 188w, https:\/\/www.artmon-ogrody.pl\/blog\/wp-content\/uploads\/2014\/01\/pielegnacjatrawnika3-2-21-125x99.jpg 125w\" sizes=\"auto, (max-width: 188px) 100vw, 188px\" \/><\/a><figcaption id=\"caption-attachment-201\" class=\"wp-caption-text\">wertykulacja trawnika<\/figcaption><\/figure>\n<p><span style=\"font-family: arial, helvetica, sans-serif; font-size: 16px;\">&nbsp;<\/span><span style=\"font-family: arial, helvetica, sans-serif; font-size: 16px;\">&nbsp; &nbsp; Gdy zbli\u017ca si\u0119 wiosna warto pomy\u015ble\u0107 o regeneracji naszego trawnika po ci\u0119\u017ckiej zimie. Le\u017ca\u0142 on od\u0142ogiem przez kilka \u0142adnych miesi\u0119cy, nierzadko pod \u015bniegiem, wi\u0119c potrzebuje swoistego kopa, aby znowu pobudzi\u0142 si\u0119 do \u017cycia. W tym celu powinni\u015bmy&nbsp;przeprowadzi\u0107 zabieg wertykulacji.<\/span><\/p>\n<div>\n<div>\n<p><span style=\"font-family: arial, helvetica, sans-serif; font-size: 16px;\"> Zanim we\u017amiemy w obroty nasz wertykulator, musimy delikatnie przygotowa\u0107 trawnik do zabiegu. Generalnie wertykulacj\u0119 najlepiej wykona\u0107, gdy nasz trawnik przeschnie ju\u017c po zimie i zd\u0105\u017cy urosn\u0105\u0107 na tyle, aby mo\u017cna go skosi\u0107.<\/span><\/p>\n<div><\/div>\n<\/div>\n<\/div>\n<div>\n<p><span style=\"font-size: 14px;\"><span style=\"font-family: arial, helvetica, sans-serif; font-size: 16px;\">Przewa\u017cnie w Polsce jest to prze\u0142om marca i kwietnia. Kosimy go wtedy na najni\u017cszym mo\u017cliwym poziomie, dzi\u0119ki czemu zapewnimy no\u017com wertykulatora \u0142atwiejszy dost\u0119p do filcu, kt\u00f3ry to w\u0142a\u015bnie chcemy usun\u0105\u0107. Bo to jest w\u0142a\u015bnie nasz g\u0142\u00f3wny cel: aby usun\u0105\u0107 martw\u0105 dar\u0144, grzyby i wszelkiego rodzaju chwasty, kt\u00f3re b\u0119d\u0105 przeszkadza\u0107 naszemu zielonemu dywanowi w spokojnym wzro\u015bcie!&nbsp;Oczywi\u015bcie przed wertykulacj\u0105 usuwamy z trawnika wszystko co mog\u0142o by zak\u0142\u00f3ci\u0107 prace no\u017cy, kamienie, ga\u0142\u0119zie itp.W samym zabiegu nie ma zbyt wielkiej filozofii. Najwa\u017cniejsze jest odpowiednie ustawienie no\u017cy. Przewa\u017cnie wertykulatory wyposa\u017cone s\u0105 w odpowiednie pokr\u0119t\u0142o, dzi\u0119ki kt\u00f3remy dostosujemy odpowiadaj\u0105c\u0105 nam wysoko\u015b\u0107 pracy.&nbsp;<\/span><span style=\"font-family: arial, helvetica, sans-serif;\"><big><span style=\"font-family: arial, helvetica, sans-serif; font-size: 16px;\">Zabieg wertykulacji przeprowadzamy dwutorowo<\/span>. Tzn. wpierw idziemy przez nasz trawnik w liniach poziomych, nast\u0119pnie w liniach pionowych. Robimy w ten spos\u00f3b tzw \u201eszachownic\u0119\u201d. Po takim wykonaniu mamy pewno\u015b\u0107, \u017ce wykonali\u015bmy zadanie dok\u0142adnie i nic nie omin\u0119li\u015bmy. <\/big><\/span><\/span><span style=\"font-size: 14px;\"><span style=\"font-family: arial, helvetica, sans-serif;\"><big>Osobi\u015bcie odradzam u\u017cywanie kosza do wertykulatora. Z racji tego, ze uk\u0142ad no\u017cy jest zupe\u0142nie inny ni\u017c w kosiarce, si\u0142a ss\u0105ca wynosi zaledwie 30% tego co w kosiarkach. Czyli tak czy siak, na trawniku zostanie nam sporo pozosta\u0142o\u015bci po zabiegu. &nbsp;Polecam zaopatrzenie si\u0119 w takie grabie<\/big><\/span><span style=\"font-family: arial, helvetica, sans-serif;\"><big>Nie trzeba ich podnosi\u0107, a dzi\u0119ki ich szeroko\u015bci grabienie wbrew pozorom nie trwa wi\u0119cej ni\u017c chodzenie z koszem do kompostu.<\/big><\/span><\/span><\/p>\n<div>\n<figure id=\"attachment_208\" aria-describedby=\"caption-attachment-208\" style=\"width: 605px\" class=\"wp-caption alignleft\"><a href=\"http:\/\/www.artmon-ogrody.pl\/blog\/wp-content\/uploads\/2014\/01\/przed-2-22.jpg\"><img loading=\"lazy\" decoding=\"async\" class=\"wp-image-208 size-full\" style=\"margin: 5px; border: 1px solid black;\" title=\"wertykulacja trawnika\" src=\"http:\/\/www.artmon-ogrody.pl\/blog\/wp-content\/uploads\/2014\/01\/przed-2-22.jpg\" alt=\"wertykulacja trawnika\" width=\"605\" height=\"224\" srcset=\"https:\/\/www.artmon-ogrody.pl\/blog\/wp-content\/uploads\/2014\/01\/przed-2-22.jpg 605w, https:\/\/www.artmon-ogrody.pl\/blog\/wp-content\/uploads\/2014\/01\/przed-2-22-250x92.jpg 250w, https:\/\/www.artmon-ogrody.pl\/blog\/wp-content\/uploads\/2014\/01\/przed-2-22-125x46.jpg 125w\" sizes=\"auto, (max-width: 605px) 100vw, 605px\" \/><\/a><figcaption id=\"caption-attachment-208\" class=\"wp-caption-text\">wertykulacja trawnika<\/figcaption><\/figure>\n<p><span style=\"font-family: arial, helvetica, sans-serif; font-size: 16px; line-height: 1.5em;\">Po wertykulacji&nbsp;&nbsp;nasz trawnik wygl\u0105da jeszcze gorzej ni\u017c przed. To dobrze!!!. Z pewno\u015bci\u0105 powsta\u0142o kilka dziur, wyrw itp. Trawnik jednym s\u0142owem sta\u0142 si\u0119 \u0142ysawy.<\/span><\/p>\n<\/div>\n<\/div>\n<div>\n<div>\n<div><span style=\"font-family: arial, helvetica, sans-serif; font-size: 16px;\"> Musimy mu teraz&nbsp;pom\u00f3c si\u0119 odbudowa\u0107. Dar\u0144 ju\u017c jest ponacinania, wi\u0119c przyjmowanie sk\u0142adnik\u00f3w od\u017cywczych jest teraz u\u0142atwione. Kupujemy wi\u0119c naw\u00f3z do trawnik\u00f3w, najlepiej d\u0142ugo dzia\u0142aj\u0105cy,<\/span><br>\n<span style=\"font-family: arial, helvetica, sans-serif; font-size: 16px;\"> i za pomoc\u0105 w\u00f3zka rozsiewaj\u0105cego lub r\u0119cznie rozrzucamy go po trawniku. W miejscach gdzie pojawi\u0142y si\u0119 ubytki dosiewamy traw\u0119.&nbsp;Z koszeniem wstrzymajmy si\u0119 a\u017c dosiana trawa wzejdzie. Jednak przez ca\u0142y czas pami\u0119tajmy o podlewaniu trawnika. Musi on ci\u0105gle wilgotnyReasumuj\u0105c wertykulacj\u0119 przeprowadzamy co najmniej raz w roku, najlepiej wczesn\u0105 wiosn\u0105, po pierwszym koszeniu. Zazwyczaj pierwszy zabieg jest potrzebny w 2-3 roku po za\u0142o\u017ceniu trawnika.<\/span><\/div>\n<\/div>\n<\/div>","protected":false},"excerpt":{"rendered":"<p>&nbsp;&nbsp; &nbsp; Gdy zbli\u017ca si\u0119 wiosna warto pomy\u015ble\u0107 o regeneracji naszego trawnika po ci\u0119\u017ckiej zimie. Le\u017ca\u0142 on od\u0142ogiem przez kilka \u0142adnych miesi\u0119cy, nierzadko pod \u015bniegiem, wi\u0119c potrzebuje swoistego kopa, aby znowu pobudzi\u0142 si\u0119 do \u017cycia. W tym celu powinni\u015bmy&nbsp;przeprowadzi\u0107 zabieg wertykulacji. Zanim we\u017amiemy w obroty nasz wertykulator, musimy delikatnie przygotowa\u0107 trawnik do zabiegu. Generalnie wertykulacj\u0119 &hellip; <\/p>\n<p class=\"link-more\"><a href=\"https:\/\/www.artmon-ogrody.pl\/blog\/wertykulacja\/\" class=\"more-link\">Czytaj dalej<span class=\"screen-reader-text\"> Wertykulacja trawnika<\/span><\/a><\/p>\n","protected":false},"author":1,"featured_media":0,"parent":0,"menu_order":0,"comment_status":"closed","ping_status":"open","template":"template.fullwidth.php","meta":{"_acf_changed":false,"ngg_post_thumbnail":0,"footnotes":""},"class_list":["post-310","page","type-page","status-publish","hentry"],"acf":[],"_links":{"self":[{"href":"https:\/\/www.artmon-ogrody.pl\/blog\/wp-json\/wp\/v2\/pages\/310","targetHints":{"allow":["GET"]}}],"collection":[{"href":"https:\/\/www.artmon-ogrody.pl\/blog\/wp-json\/wp\/v2\/pages"}],"about":[{"href":"https:\/\/www.artmon-ogrody.pl\/blog\/wp-json\/wp\/v2\/types\/page"}],"author":[{"embeddable":true,"href":"https:\/\/www.artmon-ogrody.pl\/blog\/wp-json\/wp\/v2\/users\/1"}],"replies":[{"embeddable":true,"href":"https:\/\/www.artmon-ogrody.pl\/blog\/wp-json\/wp\/v2\/comments?post=310"}],"version-history":[{"count":9,"href":"https:\/\/www.artmon-ogrody.pl\/blog\/wp-json\/wp\/v2\/pages\/310\/revisions"}],"predecessor-version":[{"id":2685,"href":"https:\/\/www.artmon-ogrody.pl\/blog\/wp-json\/wp\/v2\/pages\/310\/revisions\/2685"}],"wp:attachment":[{"href":"https:\/\/www.artmon-ogrody.pl\/blog\/wp-json\/wp\/v2\/media?parent=310"}],"curies":[{"name":"wp","href":"https:\/\/api.w.org\/{rel}","templated":true}]}}